 12.
20a12
What is -100130101 (base 4) in base 3?
-10102101021
What is 77bd9 (base 14) in base 10?
290467
Convert -96b89 (base 12) to base 16.
-30819
Convert 43115 (base 12) to base 2.
10101100011100001
Convert -57883 (base 12) to base 15.
-24a1c
What is 419757 (base 10) in base 5?
101413012
What is 4130275 (base 11) in base 7?
115656066
Convert 2394093 (base 11) to base 7.
50250253
220220200133 (base 4) to base 11
6015845
-2445403 (base 6) to base 11
-8a324
What is 3b096e (base 15) in base 2?
1010110100101010001001
What is -225615 (base 8) in base 2?
-10010101110001101
a11881 (base 13) to base 7
43555535
3183999 (base 10) to base 6
152124423
What is 516433 (base 8) in base 3?
22200222010
What is -10300141 (base 5) in base 15?
-1ae16
230213355 (base 6) to base 2
10000000101011101100111
Convert -38512 (base 13) to base 8.
-313267
What is 13b6 (base 16) in base 4?
1032312
Convert 32171a (base 11) to base 3.
222010221112
85806 (base 10) to base 7
505110
What is 1b51c7 (base 13) in base 8?
2520715
Convert -10753765 (base 8) to base 14.
-4520cd
Convert 5ac25 (base 15) to base 12.
11b722
-101310200 (base 4) to base 15
-16962
12254100 (base 7) to base 6
35411453
What is 20102111112 (base 3) in base 16?
1ee12
Convert 3422142 (base 8) to base 12.
38842a
What is 33293 (base 10) in base 7?
166031
What is 1100000111110010001 (base 2) in base 11?
251472
What is 41dbdf (base 16) in base 14?
804d0b
-49479 (base 14) to base 2
-101011110000110011
-10011101010100001101100 (base 2) to base 16
-4ea86c
Convert 21022020222011 (base 3) to base 15.
51a621
Convert 476863 (base 13) to base 4.
12132332002
Convert -287152 (base 12) to base 2.
-10100101000000001110
Convert 30107 (base 10) to base 11.
20690
Convert -11111110010101110101000 (base 2) to base 12.
-295b088
Convert 11011122020 (base 3) to base 10.
82113
What is -151c91 (base 13) in base 8?
-1764451
Convert 30013321331 (base 4) to base 10.
3178109
10342300034 (base 5) to base 9
23217760
-1002110000 (base 3) to base 4
-11033121
Convert -144805 (base 9) to base 7.
-520034
9673 (base 10) to base 15
2ced
Convert 1b129 (base 13) to base 11.
36850
-66300 (base 12) to base 8
-410060
10210001210 (base 3) to base 9
123053
Convert 2014044 (base 6) to base 9.
155001
Convert 4ca14d (base 16) to base 7.
60454325
Convert -40122342 (base 7) to base 4.
-30221232210
Convert -4452074 (base 10) to base 9.
-8335078
What is -6d73b (base 16) in base 14?
-b9547
1450531 (base 8) to base 2
1100101000101011001
What is 436452 (base 7) in base 3?
10220020120
What is 96a17 (base 13) in base 14?
71165
What is -921589 (base 10) in base 16?
-e0ff5
Convert -1cc2 (base 15) to base 13.
-2b04
What is 175776 (base 9) in base 4?
122223021
What is 5036070 (base 10) in base 14?
951434
What is -11100101011100011 (base 2) in base 7?
-666331
Convert -1112210101112 (base 3) to base 2.
-11001000110101000100
22201010001010 (base 3) to base 10
4627722
Convert 4dad2 (base 14) to base 10.
191480
What is -1012011303 (base 4) in base 7?
-2304000
What is -3157 (base 8) in base 16?
-66f
Convert a8105a (base 13) to base 4.
33002310022
-a20f2 (base 16) to base 11
-41379a
What is -3432732 (base 9) in base 11?
-105569a
What is 9a57b (base 14) in base 13?
101483
Convert -2583243 (base 12) to base 9.
-14808716
505642 (base 7) to base 15
1a784
-121312010231 (base 4) to base 2
-11001110110000100101101
6480b (base 12) to base 7
1061162
What is -4643383 (base 9) in base 6?
-125434503
Convert -122232201 (base 4) to base 7.
-634110
Convert 345323442 (base 6) to base 14.
bd1202
Convert 168047 (base 13) to base 11.
352a59
-3030492 (base 10) to base 13
-8214ba
Convert 236c84 (base 15) to base 9.
3161277
Convert 11560 (base 7) to base 13.
14c2
Convert 34a1585 (base 12) to base 3.
201010100021102
Convert -334742 (base 11) to base 8.
-2021455
Convert -48261 (base 11) to base 7.
-406454
What is -31503040 (base 6) in base 16?
-e2140
Convert 4b166b (base 12) to base 4.
10223111303
What is 101000011101110010100100 (base 2) in base 8?
50356244
-12063660 (base 7) to base 15
-16360c
19484 (base 11) to base 5
1332241
Convert 323050534 (base 6) to base 2.
10101111010101011011010
What is 20101000110202 (base 3) in base 16?
33a9dc
120514 (base 9) to base 8
215615
1491dd (base 14) to base 8
2567437
101110111011110111001 (base 2) to base 8
5673671
-16760436 (base 9) to base 15
-b16306
What is 13540005 (base 7) in base 15?
1a1509
What is 1101001001000110100 (base 2) in base 14?
b2d24
Convert 110011101001011 (base 2) to base 8.
63513
Convert -1035463 (base 7) to base 9.
-212847
11203425 (base 6) to base 5
41433303
Convert -137344 (base 12) to base 16.
-4f024
Convert -9a794 (base 12) to base 2.
-110010000011100000
Convert -2633256 (base 10) to base 6.
-132235000
What is 211110020 (base 4) in base 3?
21202122202
Convert -1001110101111010011 (base 2) to base 16.
-4ebd3
21001232 (base 5) to base 11
108305
What is 1124515 (base 9) in base 2?
10010100001011100011
What is -1011011000001011101 (base 2) in base 7?
-3111652
-3215001 (base 11) to base 4
-111211113202
-11222121022221 (base 3) to base 11
-154a610
4c7533 (base 15) to base 4
31333330212
-1107777 (base 9) to base 7
-5032165
a98eb (base 16) to base 8
2514353
-1a1d0 (base 16) to base 3
-12102201111
Convert 107229 (base 10) to base 4.
122023131
8d0a81 (base 15) to base 8
31543210
What is -108826 (base 15) in base 9?
-1431200
Convert 1a261 (base 11) to base 6.
334500
Convert -93ad1 (base 14) to base 13.
-c612a
Convert -11000100011110010001110 (base 2) to base 5.
-3122004110
Convert -94875 (base 12) to base 11.
-123380
-232300003 (base 4) to base 7
-1425166
What is -23320112 (base 5) in base 13?
-763ca
Convert 111111100000010110011 (base 2) to base 8.
7740263
What is -1df225 (base 16) in base 15?
-28b758
Convert 100101000020 (base 3) to base 12.
8a8a3
What is 578818 (base 10) in base 12?
23ab6a
What is 1403500 (base 6) in base 9?
128720
-5298494 (base 12) to base 11
-89050a8
What is 171701 (base 9) in base 14?
2aa2d
What is 192c632 (base 13) in base 10?
8252987
What is -126273 (base 11) in base 10?
-198641
What is 7398 (base 13) in base 4?
3322023
73764531 (base 8) to base 5
13011112331
Convert 210221221221 (base 3) to base 15.
8812d
What is -79673 (base 16) in base 3?
-221021010022
Convert 23123130313 (base 4) to base 5.
1231333043
135663 (base 10) to base 15
2a2e3
Convert 3312303000 (base 4) to base 14.
1c457a
What is -2626 (base 13) in base 6?
-41104
What is -110022100010 (base 3) in base 13?
-86376
Convert 527131 (base 10) to base 16.
80b1b
What is 41287 (base 11) in base 12?
2aa34
What is -12110110210 (base 3) in base 8?
-321764
Convert 2184a7 (base 16) to base 2.
1000011000010010100111
111335533 (base 6) to base 16
1f0c11
Convert 10011000001001000111000 (base 2) to base 11.
28a5672
-12320030010 (base 4) to base 12
-72b4b0
3596b53 (base 12) to base 9
21512130
What is -1a090 (base 11) in base 16?
-6d92
Convert 1814174 (base 12) to base 2.
10011000101110011101000
What is 55722 (base 11) in base 14?
215c7
Convert 6994d (base 15) to base 4.
1102011133
122e6 (base 15) to base 14
1721b
What is 1114421340 (base 5) in base 15?
3453b5
What is 3848 (base 11) in base 12?
2a99
Convert 1441530 (base 6) to base 11.
576a0
What is 3d527d (base 14) in base 12?
866b67
-22023 (base 11) to base 7
-162130
What is 1692257 (base 10) in base 12?
697395
100010211020 (base 3) to base 11
113207
ba29 (base 14) to base 7
162552
Convert 591558 (base 11) to base 10.
939023
Convert 25116473 (base 8) to base 11.
314827a
What is -39135 (base 10) in base 7?
-222045
Convert -101213202021 (base 4) to base 11.
-2674945
Convert 367735 (base 9) to base 13.
7a1b6
14181380 (base 9) to base 5
3244140224
Convert 11244244 (base 5) to base 10.
103074
-423245410 (base 6) to base 11
-4221a92
225747 (base 8) to base 16
12be7
-b444 (base 12) to base 8
-46264
Convert -10100100111111001 (base 2) to base 14.
-22adb
Convert -24b2b1 (base 16) to base 14.
-468689
4037c (base 13) to base 3
12211112212
What is 22010220221211 (base 3) in base 16?
420d42
Convert -707665 (base 8) to base 6.
-5000313
What is -10287b (base 13) in base 6?
-12030005
What is -15347668 (base 9) in base 3?
-112101121202022
Convert 5263b6 (base 12) to base 7.
14010042
-eaa5a (base 15) to base 12
-2bb057
-156737 (base 9) to b